{"id":78,"date":"2023-01-24T08:20:19","date_gmt":"2023-01-24T08:20:19","guid":{"rendered":"https:\/\/autobahnkirche-rothenschirmbach.de\/?page_id=78"},"modified":"2026-03-02T17:38:56","modified_gmt":"2026-03-02T17:38:56","slug":"veranstaltungen-termine","status":"publish","type":"page","link":"https:\/\/autobahnkirche-rothenschirmbach.de\/?page_id=78","title":{"rendered":"Veranstaltungen \/ Termine"},"content":{"rendered":"\n<p class=\"has-text-color\" style=\"color:#d97f12\"><strong>Termine des F\u00f6rderkreises der Autobahnkirche f\u00fcr 2026 werden hier benannt<\/strong>:<\/p>\n\n\n\n<p><strong>Das Jahr 2026 &#8211; unser 20-j\u00e4hriges Jubil\u00e4um steht bevor.<\/strong><\/p>\n\n\n\n<p>Am Sonntag, den 8. M\u00e4rz 2026  14.00 Uhr<br>Katholische Kirche Querfurt und Kirche Osterhausen <br><strong>Weltgebetstag<\/strong><br><strong>\u00d6kumenischer Gottesdienst zum Brunofest <\/strong><\/p>\n\n\n\n<p>Am Sonntag den 22. M\u00e4rz 2026  14.00 Uhr<br><strong>Kirche Rothenschirmbach<\/strong><br>Das Nagelkreuz erstmalig als Altarkreuz in Gebrauch genommen werden.<\/p>\n\n\n\n<p><\/p>\n\n\n\n<h2 class=\"wp-block-heading\"><strong>20 Jahre Autobahnkirche Rothenschirmbach<\/strong><\/h2>\n\n\n\n<p>Dieses Jubil\u00e4um unserer Autobahnkirche m\u00f6chten wir am 6. und 7. Juni mit einem bunten Programm feiern.<\/p>\n\n\n\n<p>Am Samstag, den 6. Juni stimmt uns ab <strong>17.00 Uhr der Chores Molto Vocale aus Schkeuditz<\/strong> mit seinem Konzert <strong>&#8222;Heut&#8216; &#8211; kommt der Hans zu mir &#8230;&#8220;<\/strong> ein.  Dabei d\u00fcrfen wir uns auf ein bunte Mischung von Liedern aus f\u00fcnf Jahrhunderten und f\u00fcnf Kontinenten freuen. <br>Im Anschluss daran wird gemeinsam gegrillt, bevor der <strong>Abend 20.00 Uhr<\/strong> mit einem <strong>Kirchenkino <\/strong>ausklingt.     <\/p>\n\n\n\n<p>Am Sonntag, den 7. Juni 2026 <br><strong>Festgottesdienst ab 14.00 Uhr <\/strong><br><br>Ab 15.00 Uhr wird das<br><strong>Musical &#8222;Regenbogenfisch&#8220;<\/strong> mit der KiTa Rothenschirmbach aufgef\u00fchrt.<\/p>\n\n\n\n<p>Bei Gespr\u00e4chen mit Kaffee und Kuchen kann das Wochenende gem\u00fctlich ausklingen.  <\/p>\n\n\n\n<p>Wir freuen uns Sie an diesem Wochenende begr\u00fc\u00dfen zu k\u00f6nnen.<\/p>\n\n\n\n<p><\/p>\n\n\n\n<h2 class=\"wp-block-heading has-text-color\" style=\"color:#d97f12\"><strong>Weitere Termine des Evangelischen Kirchspiels Querfurt:<\/strong><\/h2>\n\n\n\n<p class=\"has-text-color\" style=\"color:#c99300\"><a href=\"https:\/\/www.evkirchspielquerfurt.de\/\"><strong>https:\/\/www.evkirchspielquerfurt.de\/<\/strong><\/a><\/p>\n","protected":false},"excerpt":{"rendered":"<p>Termine des F\u00f6rderkreises der Autobahnkirche f\u00fcr 2026 werden hier benannt: Das Jahr 2026 &#8211; unser 20-j\u00e4hriges Jubil\u00e4um steht bevor. Am Sonntag, den 8. M\u00e4rz 2026 14.00 UhrKatholische Kirche Querfurt und Kirche Osterhausen Weltgebetstag\u00d6kumenischer Gottesdienst zum Brunofest Am Sonntag den 22. M\u00e4rz 2026 14.00 UhrKirche RothenschirmbachDas Nagelkreuz erstmalig als Altarkreuz in Gebrauch genommen werden. 20 Jahre [&hellip;]<\/p>\n","protected":false},"author":1,"featured_media":0,"parent":14,"menu_order":2,"comment_status":"closed","ping_status":"closed","template":"","meta":{"footnotes":""},"class_list":["post-78","page","type-page","status-publish","hentry"],"_links":{"self":[{"href":"https:\/\/autobahnkirche-rothenschirmbach.de\/index.php?rest_route=\/wp\/v2\/pages\/78","targetHints":{"allow":["GET"]}}],"collection":[{"href":"https:\/\/autobahnkirche-rothenschirmbach.de\/index.php?rest_route=\/wp\/v2\/pages"}],"about":[{"href":"https:\/\/autobahnkirche-rothenschirmbach.de\/index.php?rest_route=\/wp\/v2\/types\/page"}],"author":[{"embeddable":true,"href":"https:\/\/autobahnkirche-rothenschirmbach.de\/index.php?rest_route=\/wp\/v2\/users\/1"}],"replies":[{"embeddable":true,"href":"https:\/\/autobahnkirche-rothenschirmbach.de\/index.php?rest_route=%2Fwp%2Fv2%2Fcomments&post=78"}],"version-history":[{"count":25,"href":"https:\/\/autobahnkirche-rothenschirmbach.de\/index.php?rest_route=\/wp\/v2\/pages\/78\/revisions"}],"predecessor-version":[{"id":146,"href":"https:\/\/autobahnkirche-rothenschirmbach.de\/index.php?rest_route=\/wp\/v2\/pages\/78\/revisions\/146"}],"up":[{"embeddable":true,"href":"https:\/\/autobahnkirche-rothenschirmbach.de\/index.php?rest_route=\/wp\/v2\/pages\/14"}],"wp:attachment":[{"href":"https:\/\/autobahnkirche-rothenschirmbach.de\/index.php?rest_route=%2Fwp%2Fv2%2Fmedia&parent=78"}],"curies":[{"name":"wp","href":"https:\/\/api.w.org\/{rel}","templated":true}]}}